71 a factor of 268605993?
True
Is 171 a factor of 8607696?
False
Is 4 a factor of 982969963?
False
Is 1653946714 a multiple of 5644?
False
Does 994 divide 47546002?
True
Does 14 divide 16518824?
True
Is 18 a factor of 50358588?
False
Does 19 divide 507995647?
True
Does 4 divide 22543185?
False
Is 155 a factor of 163264406?
False
Is 2382 a factor of 31968139?
False
Does 978 divide 20566933?
False
Does 640 divide 1778363520?
True
Does 20 divide 78647331?
False
Does 254 divide 1529037170?
False
Is 86 a factor of 523312415?
False
Is 6 a factor of 1688909242?
False
Does 631 divide 16879881?
True
Is 408 a factor of 333843552?
True
Does 9 divide 2156069?
False
Does 77 divide 562026003?
True
Is 9 a factor of 20582322?
False
Is 37261533 a multiple of 2668?
False
Is 1816014655 a multiple of 3991?
False
Does 168 divide 19944624?
True
Does 155 divide 1801454485?
True
Does 2 divide 4926520?
True
Does 408 divide 34697136?
True
Is 27 a factor of 2732767667?
False
Does 226 divide 56138400?
True
Is 705637120 a multiple of 304?
False
Does 122 divide 531813982?
True
Is 322743852 a multiple of 162?
True
Does 124 divide 151733344?
True
Is 751597696 a multiple of 137?
False
Is 44799864 a multiple of 732?
True
Is 39 a factor of 159054363?
True
Is 51 a factor of 1083249996?
True
Does 29 divide 18232967?
True
Is 3183 a factor of 147630702?
False
Is 108345985 a multiple of 4715?
True
Is 300538080 a multiple of 292?
True
Does 44 divide 32745504?
True
Is 371325915 a multiple of 15?
True
Does 6579 divide 1850685858?
True
Is 4644 a factor of 2569612250?
False
Is 1220 a factor of 117460584?
False
Is 293841250 a multiple of 31?
True
Does 44 divide 30336460?
True
Is 284201276 a multiple of 908?
True
Is 5018781 a multiple of 133?
False
Is 109766187 a multiple of 303?
False
Is 6454889 a multiple of 195?
False
Is 4 a factor of 60920751?
False
Does 384 divide 3555057788?
False
Is 13 a factor of 6343566?
False
Is 4744452146 a multiple of 12963?
False
Is 19481030 a multiple of 303?
False
Is 1065 a factor of 702614580?
True
Is 72 a factor of 2362316040?
True
Is 45 a factor of 46670768?
False
Is 19 a factor of 59604349?
True
Is 189149185 a multiple of 60?
False
Is 11598923 a multiple of 23?
True
Is 1166 a factor of 65807874?
True
Is 899821005 a multiple of 193?
True
Does 276 divide 786770227?
False
Does 22 divide 1340890298?
True
Does 423 divide 114673960?
False
Is 9645 a factor of 589097310?
True
Is 240019492 a multiple of 373?
False
Does 21 divide 895633257?
False
Is 381 a factor of 214466424?
True
Does 16 divide 8853523?
False
Is 439 a factor of 31381385?
False
Is 37 a factor of 1477469977?
True
Does 1212 divide 109753872?
True
Does 18 divide 386263368?
True
Is 3708889879 a multiple of 1147?
True
Is 22141556 a multiple of 6?
False
Is 1000 a factor of 343050000?
True
Is 3915050 a multiple of 225?
False
Is 31 a factor of 1207586205?
False
Is 47094819 a multiple of 471?
True
Is 1280031291 a multiple of 3?
True
Is 328845540 a multiple of 285?
True
Does 12 divide 220522454?
False
Is 7459957 a multiple of 905?
False
Does 1074 divide 57636210?
True
Does 26 divide 1528570212?
True
Is 725079784 a multiple of 890?
False
Is 323684 a multiple of 408?
False
Does 14086 divide 1236652198?
True
Does 6 divide 75405475?
False
Is 253075536 a multiple of 7?
True
Does 256 divide 129867667?
False
Is 137 a factor of 1178854586?
True
Is 195984533 a multiple of 433?
False
Is 9 a factor of 9684834?
False
Is 674 a factor of 11211564?
False
Is 9 a factor of 1541215557?
True
Does 16 divide 3248785104?
True
Does 4560 divide 341110800?
True
Is 79 a factor of 14114693?
True
Is 18 a factor of 37183853?
False
Does 33 divide 83696646?
True
Does 69 divide 509341302?
True
Is 4560 a factor of 1150747920?
True
Is 573 a factor of 41150010?
False
Is 1030141266 a multiple of 77?
True
Does 3 divide 253072023?
True
Is 23 a factor of 3210821321?
True
Is 7 a factor of 9577279?
False
Is 897 a factor of 7740213?
True
Does 399 divide 1524459536?
False
Does 1207 divide 4859080250?
True
Does 55 divide 324882044?
False
Does 1798 divide 488622682?
True
Is 315 a factor of 1030312210?
False
Is 507375297 a multiple of 2603?
False
Is 103311350 a multiple of 5?
True
Is 1014 a factor of 65669364?
False
Is 171025440 a multiple of 170?
True
Is 79641705 a multiple of 715?
True
Is 7960658 a multiple of 646?
True
Does 7 divide 1512729806?
True
Is 434393966 a multiple of 3974?
True
Does 92 divide 250587116?
True
Is 41 a factor of 1376071294?
False
Does 164 divide 17862880?
True
Is 54730998 a multiple of 546?
False
Is 26970551 a multiple of 42?
False
Is 180595976 a multiple of 6056?
True
Does 936 divide 1666328901?
False
Does 49 divide 39404526?
True
Does 17 divide 794033582?
False
Is 5 a factor of 9576826?
False
Is 5181 a factor of 872050377?
True
Does 57 divide 581592318?
True
Is 501337871 a multiple of 442?
False
Is 1579 a factor of 64821108?
True
Does 69 divide 24025041?
True
Is 155 a factor of 2050315200?
True
Is 260 a factor of 28412509?
False
Is 23981002 a multiple of 1499?
True
Is 6376400 a multiple of 257?
False
Is 50 a factor of 269071150?
True
Is 8 a factor of 23882971?
False
Does 283 divide 23190385?
False
Is 1928440264 a multiple of 928?
False
Does 3091 divide 85138504?
True
Is 15362425 a multiple of 13?
True
Is 7 a factor of 14988592?
False
Is 59146600 a multiple of 40?
True
Is 33191037 a multiple of 517?
False
Is 2357201 a multiple of 11?
True
Is 8199253 a multiple of 17?
True
Is 44614275 a multiple of 107?
False
Does 9 divide 179526433?
False
Is 9499676 a multiple of 510?
False
Does 1424 divide 2052641131?
False
Is 214 a factor of 44998473?
False
Does 5 divide 13101530?
True
Is 51 a factor of 26812077?
True
Is 5372349676 a multiple of 25?
False
Is 3678 a factor of 1324304358?
True
Is 422 a factor of 4041677992?
True
Is 2341 a factor of 14462698?
True
Is 5393280 a multiple of 192?
True
Does 6538 divide 2443289828?
True
Is 12 a factor of 51846611?
False
Is 111 a factor of 44411100?
True
Is 2050 a factor of 615787200?
True
Is 406 a factor of 84241346?
True
Is 9629581 a multiple of 353?
False
Is 7 a factor of 75030900?
True
Does 1009 divide 469045217?
False
Does 4062 divide 986506099?
False
Is 7985 a factor of 5340048719?
False
Does 567 divide 936140812?
False
Does 73 divide 90909017?
True
Does 496 divide 950928051?
False
Does 31 divide 1051563737?
False
Does 256 divide 51999562?
False
Does 289 divide 13068291?
True
Does 55 divide 167983030?
False
Is 497640780 a multiple of 2457?
True
Is 10 a factor of 93701304?
False
Does 1067 divide 179290061?
False
Is 1024263 a multiple of 219?
True
Is 13725936 a multiple of 17?
True
Is 26 a factor of 29749607?
False
Does 780 divide 48324900?
True
Is 201942048 a multiple of 308?
True
Is 135296541 a multiple of 2607?
False
Is 177 a factor of 87473046?
True
Is 3125 a factor of 1559265339?
False
Is 46 a factor of 80738418?
True
Is 470966509 a multiple of 6?
False
Is 112809825 a multiple of 256?
False
Does 24 divide 2285319655?
False
Is 20996648 a multiple of 8?
True
Is 89830363 a multiple of 119?
True
Is 546 a factor of 11549827?
False
Is 25 a factor of 19269534?
False
Does 519 divide 193192041?
True
Is 38144357 a multiple of 389?
False
Is 46268268 a multiple of 57?
True
Is 116 a factor of 30142656?
False
Does 2770 divide 77301482?
False
Does 18 divide 251363388?
False
Does 360 divide 17095069?
False
Is 8704 a factor of 234572800?
True
Is 12 a factor of 56764140?
True
Is 107071890 a multiple of 258?
False
Is 352755770 a multiple of 835?
True
Is 1961890479 a multiple of 3599?
True
Does 1097 divide 519289585?
False
Is 233 a factor of 840509697?
False
Is 807 a factor of 291987336?
False
Is 497876302 a multiple of 22?
True
Does 28 divide 6028232?
True
Is 1810 a factor of 982660469?
False
Is 9 a factor of 1450940794?
False
Does 364 divide 39714948?
True
Does 18 divide 83019186?
True
Does 64 divide 54981908?
False
Is 120204336 a multiple of 1596?
True
Is 4 a factor of 45476526?
False
Is 20 a factor of 964483960?
True
Is 1147 a factor of 16101093?
False
Is 9 a factor of 82663495?
False
Is 1608321721 a multiple of 205?
False
Is 1450232649 a multiple of 221?
False
Is 59393784 a multiple of 204?
True
Does 14 divide 287034272?
True
Is 15392150 a multiple of 3?
False
Does 101 divide 1027170?
True
Is 3451511